1, 929
List the prime factors of 4096610144.
2, 11, 11638097
List the prime factors of 73099783.
19, 3847357
What are the prime factors of 152347308?
2, 3, 23, 41, 13463
What are the prime factors of 194098998?
2, 3, 31, 1043543
List the prime factors of 1482822669.
3, 281, 1758983
What are the prime factors of 606319243?
317, 1912679
What are the prime factors of 11369452?
2, 23, 123581
List the prime factors of 175034199.
3, 457, 127669
What are the prime factors of 166634421?
3, 37, 433, 3467
What are the prime factors of 66720088?
2, 2113, 3947
List the prime factors of 1715618.
2, 857809
List the prime factors of 1695933833.
11, 29, 31, 317, 541
What are the prime factors of 3440550?
2, 3, 5, 22937
List the prime factors of 754323201.
3, 17, 59, 83563
List the prime factors of 4079078919.
3, 16786333
What are the prime factors of 644085120?
2, 3, 5, 7, 17, 2819
What are the prime factors of 38373247?
11, 1283, 2719
List the prime factors of 72197254.
2, 36098627
What are the prime factors of 758579724?
2, 3, 7, 853, 3529
List the prime factors of 818173918.
2, 4451, 91909
List the prime factors of 37134721.
13, 19, 150343
List the prime factors of 1768160598.
2, 3, 294693433
List the prime factors of 163278995.
5, 11, 2968709
List the prime factors of 651339999.
3, 59, 1226629
List the prime factors of 64996345.
5, 191, 68059
List the prime factors of 2299092654.
2, 3, 2969, 129061
What are the prime factors of 140864713?
11, 31, 413093
What are the prime factors of 19813510?
2, 5, 179, 11069
What are the prime factors of 46457172?
2, 3, 101, 4259
What are the prime factors of 4658344?
2, 19, 1613
List the prime factors of 3594675692.
2, 67, 103, 130223
List the prime factors of 18385222.
2, 197, 46663
List the prime factors of 7386242120.
2, 5, 2011, 91823
List the prime factors of 433014601.
43, 1489, 6763
List the prime factors of 95955832.
2, 7, 1713497
What are the prime factors of 29730572?
2, 59, 263, 479
What are the prime factors of 1830062165?
5, 2591, 141263
List the prime factors of 4648499545.
5, 967, 961427
What are the prime factors of 186394471?
127, 1467673
What are the prime factors of 33062049?
3, 401, 9161
List the prime factors of 1025487718.
2, 181, 269, 10531
What are the prime factors of 349800617?
349800617
List the prime factors of 1272063046.
2, 17, 587, 63737
List the prime factors of 2694207045.
3, 5, 359, 500317
What are the prime factors of 944818674?
2, 3, 1721, 91499
List the prime factors of 19683040.
2, 5, 13, 9463
What are the prime factors of 76413184?
2, 421, 709
List the prime factors of 14070826.
2, 7, 11, 91369
What are the prime factors of 3782217627?
3, 18787, 22369
List the prime factors of 218313049.
211, 1034659
What are the prime factors of 1884884556?
2, 3, 157073713
What are the prime factors of 53485026?
2, 3, 7, 17, 173, 433
What are the prime factors of 231208813?
11, 149, 141067
List the prime factors of 26417323.
83, 318281
List the prime factors of 110823706.
2, 7, 23, 344173
What are the prime factors of 23561258?
2, 7, 240421
List the prime factors of 33559098.
2, 3, 5593183
List the prime factors of 53808525.
3, 5, 379, 631
List the prime factors of 671444332.
2, 13, 12912391
What are the prime factors of 231670985?
5, 7, 13, 17, 61, 491
What are the prime factors of 12280220?
2, 5, 89, 6899
What are the prime factors of 4164294878?
2, 1103, 1887713
What are the prime factors of 18641527?
19, 981133
List the prime factors of 2782737661.
11, 31, 113, 257, 281
What are the prime factors of 4109596417?
409, 2099, 4787
What are the prime factors of 985586387?
985586387
What are the prime factors of 146545263?
3, 3581, 4547
What are the prime factors of 569935430?
2, 5, 149, 382507
What are the prime factors of 878131065?
3, 5, 7, 8363153
List the prime factors of 60342057.
3, 191, 11701
What are the prime factors of 2750358187?
41, 823, 81509
List the prime factors of 232093123.
7351, 31573
List the prime factors of 27536561.
13, 109, 19433
List the prime factors of 120895042.
2, 4049, 14929
List the prime factors of 62074277.
97, 639941
What are the prime factors of 3547790693?
71, 49968883
List the prime factors of 140860987.
140860987
List the prime factors of 146035003.
146035003
What are the prime factors of 26822290?
2, 5, 11, 243839
List the prime factors of 79477391.
7, 11353913
What are the prime factors of 92255716?
2, 7, 19, 9127
What are the prime factors of 67269298?
2, 33634649
List the prime factors of 64918442.
2, 439, 73939
List the prime factors of 18837414.
2, 3, 23, 29, 523
List the prime factors of 98721576.
2, 3, 719, 1907
List the prime factors of 405981567.
3, 45109063
What are the prime factors of 2957112195?
3, 5, 739, 266767
What are the prime factors of 70618501?
70618501
List the prime factors of 6417688595.
5, 1283537719
List the prime factors of 117064492.
2, 53, 197, 2803
List the prime factors of 195464693.
195464693
List the prime factors of 1364840961.
3, 11, 83, 107, 4657
List the prime factors of 791720397.
3, 13, 137, 49393
What are the prime factors of 6364374360?
2, 3, 5, 53036453
What are the prime factors of 581179393?
47, 12365519
What are the prime factors of 310183840?
2, 5, 769, 2521
List the prime factors of 88968863.
88968863
List the prime factors of 1935294864.
2, 3, 167, 241429
What are the prime factors of 538287575?
5, 7, 17, 19, 89, 107
List the prime factors of 137572048.
2, 31, 277363
List the prime factors of 4780509.
3, 61, 151, 173
What are the prime factors of 67290453?
3, 2492239
List the prime factors of 3449983507.
71, 48591317
What are the prime factors of 2908525159?
29, 100293971
What are the prime factors of 11359330?
2, 5, 31, 36643
What are the prime factors of 20961895?
5, 139, 30161
What are the prime factors of 357694871?
357694871
What are the prime factors of 8931438?
2, 3, 165397
What are the prime factors of 53494180?
2, 5, 991, 2699
What are the prime factors of 264289597?
11, 13, 509, 3631
What are the prime factors of 18905246?
2, 317, 29819
List the prime factors of 171707677.
7919, 21683
List the prime factors of 1352580.
2, 3, 5, 22543
What are the prime factors of 6520963928?
2, 61, 13362631
List the prime factors of 68679295.
5, 853, 16103
List the prime factors of 40160065.
5, 11, 43, 16981
What are the prime factors of 3641552081?
3641552081
What are the prime factors of 102979586?
2, 89, 578537
What are the prime factors of 392995162?
2, 7, 28071083
List the prime factors of 327806276.
2, 7, 31, 53951
List the prime factors of 43402536.
2, 3, 19, 31727
List the prime factors of 415733558.
2, 207866779
List the prime factors of 228656046.
2, 3, 131, 421, 691
List the prime factors of 48950803.
11, 17, 67, 3907
List the prime factors of 41731410.
2, 3, 5, 7, 19, 10459
What are the prime factors of 67404137?
31, 59, 137, 269
What are the prime factors of 3405678085?
5, 17, 19, 101, 20879
List the prime factors of 86830211.
13, 6679247
List the prime factors of 1097120746.
2, 23, 61, 390991
List the prime factors of 238856908.
2, 59714227
List the prime factors of 149880148.
2, 11, 71, 47977
What are the prime factors of 28401960?
2, 3, 5, 19, 12457
What are the prime factors of 177791247?
3, 421, 15641
List the prime factors of 743957678.
2, 23, 16172993
List the prime factors of 525432816.
2, 3, 1427, 2557
List the prime factors of 1397793587.
227, 6157681
What are the prime factors of 150435349?
5987, 25127
What are the prime factors of 145473646?
2, 72736823
List the prime factors of 8927209.
109, 81901
What are the prime factors of 50461861?
50461861
List the prime factors of 638643338.
2, 31, 10300699
What are the prime factors of 8390287344?
2, 3, 47, 431, 8629
What are the prime factors of 76877685?
3, 5, 409, 4177
List the prime factors of 660619903.
1151, 573953
What are the prime factors of 110859370?
2, 5, 47, 235871
What are the prime factors of 726503175?
3, 5, 39863
List the prime factors of 197338012.
2, 49334503
What are the prime factors of 39727843?
887, 44789
List the prime factors of 1141720037.
1141720037
List the prime factors of 55895974.
2, 37, 755351
List the prime factors of 40498367.
7, 13, 19, 59, 397
What are the prime factors of 2949201?
3, 327689
List the prime factor